{"id":36,"date":"2017-06-27T12:41:04","date_gmt":"2017-06-27T10:41:04","guid":{"rendered":"http:\/\/www.maternamonumentoporcia.it\/site\/?page_id=36"},"modified":"2025-10-21T12:47:35","modified_gmt":"2025-10-21T10:47:35","slug":"ampliamento-dellofferta-formativa","status":"publish","type":"page","link":"https:\/\/www.maternamonumentoporcia.it\/site\/progetto-educativo\/ampliamento-dellofferta-formativa\/","title":{"rendered":"Ampliamento dell&#8217;offerta formativa"},"content":{"rendered":"\n<figure class=\"wp-block-image size-full is-resized\"><img decoding=\"async\" src=\"http:\/\/www.maternamonumentoporcia.it\/site\/wp-content\/uploads\/2024\/11\/ampliamento-2.jpg\" alt=\"\" class=\"wp-image-844\" width=\"1024\" height=\"NaN\" srcset=\"https:\/\/www.maternamonumentoporcia.it\/site\/wp-content\/uploads\/2024\/11\/ampliamento-2.jpg 884w, https:\/\/www.maternamonumentoporcia.it\/site\/wp-content\/uploads\/2024\/11\/ampliamento-2-300x129.jpg 300w, https:\/\/www.maternamonumentoporcia.it\/site\/wp-content\/uploads\/2024\/11\/ampliamento-2-768x329.jpg 768w\" sizes=\"(max-width: 884px) 100vw, 884px\" \/><\/figure>\n\n\n\n<p><br><strong>TEMA ANNUALE SPECIFICO 2025\/2026:<\/strong><br><em>\u201cFAMIGLIA E CASA\u201d<\/em><br>Ognuno di noi vive e cresce in uno specifico nucleo famigliare, esso pu\u00f2 essere costituito da pi\u00f9 componenti. Lavoreremo sulle nostre Famiglie: figli unici, fratelli o sorelle e, se ne ho, sono maggiori o minori? Parleremo delle nostre figure genitoriali fino ad arrivare ai nostri nonni provando a creare un piccolo albero genealogico costituito di parentele di primo e secondo grado. Comprenderemo e apprezzeremo, cos\u00ec, la diversit\u00e0, la bellezza e l\u2019importanza che intercorre quotidianamente nelle nostre vite famigliari.<br>Per quanto riguarda l\u2019ambiente nel quale viviamo, invece, proveremo a trattare temi quali la struttura della nostra casa, ognuno di noi vive in contesti strutturali diversi, chi vive in un appartamento e chi vive in una casa, c\u2019\u00e8 chi ha il giardino e chi no, chi abita in campagna e chi invece abita in un centro pi\u00f9 residenziale. Ogni paese, poi, ha i suoi punti di interesse ad esempio la Scuola, il supermercato, la piazza, la Chiesa e l\u2019oratorio, il parco o semplicemente la gelateria. Capiremo la distanza o vicinanza da questi punti di interesse: a Scuola vado a piedi o vado in macchina? Abito vicino o lontano dalla mia Scuola?<br>Il nostro posto nel mondo \u00e8 un posto di valore perch\u00e9 noi, il nostro contesto e la nostra Famiglia sono di valore, questo \u00e8 ci\u00f2 che vorremmo portare alla luce con i bambini in questo percorso.<\/p>\n","protected":false},"excerpt":{"rendered":"<p>TEMA ANNUALE SPECIFICO 2025\/2026:\u201cFAMIGLIA E CASA\u201dOgnuno di noi vive e cresce in uno specifico nucleo famigliare, esso pu\u00f2 essere costituito da pi\u00f9 componenti. Lavoreremo sulle nostre Famiglie: figli unici, fratelli <a class=\"more-link\" href=\"https:\/\/www.maternamonumentoporcia.it\/site\/progetto-educativo\/ampliamento-dellofferta-formativa\/\">Continua a leggere &amp;rarr;<\/a><\/p>\n","protected":false},"author":1,"featured_media":0,"parent":15,"menu_order":1,"comment_status":"closed","ping_status":"closed","template":"","meta":{"ngg_post_thumbnail":0,"footnotes":""},"class_list":["post-36","page","type-page","status-publish","hentry"],"_links":{"self":[{"href":"https:\/\/www.maternamonumentoporcia.it\/site\/wp-json\/wp\/v2\/pages\/36"}],"collection":[{"href":"https:\/\/www.maternamonumentoporcia.it\/site\/wp-json\/wp\/v2\/pages"}],"about":[{"href":"https:\/\/www.maternamonumentoporcia.it\/site\/wp-json\/wp\/v2\/types\/page"}],"author":[{"embeddable":true,"href":"https:\/\/www.maternamonumentoporcia.it\/site\/wp-json\/wp\/v2\/users\/1"}],"replies":[{"embeddable":true,"href":"https:\/\/www.maternamonumentoporcia.it\/site\/wp-json\/wp\/v2\/comments?post=36"}],"version-history":[{"count":12,"href":"https:\/\/www.maternamonumentoporcia.it\/site\/wp-json\/wp\/v2\/pages\/36\/revisions"}],"predecessor-version":[{"id":952,"href":"https:\/\/www.maternamonumentoporcia.it\/site\/wp-json\/wp\/v2\/pages\/36\/revisions\/952"}],"up":[{"embeddable":true,"href":"https:\/\/www.maternamonumentoporcia.it\/site\/wp-json\/wp\/v2\/pages\/15"}],"wp:attachment":[{"href":"https:\/\/www.maternamonumentoporcia.it\/site\/wp-json\/wp\/v2\/media?parent=36"}],"curies":[{"name":"wp","href":"https:\/\/api.w.org\/{rel}","templated":true}]}}