{"id":15,"date":"2017-06-26T11:46:48","date_gmt":"2017-06-26T09:46:48","guid":{"rendered":"http:\/\/www.maternamonumentoporcia.it\/site\/?page_id=15"},"modified":"2025-10-13T11:15:01","modified_gmt":"2025-10-13T09:15:01","slug":"progetto-educativo","status":"publish","type":"page","link":"https:\/\/www.maternamonumentoporcia.it\/site\/progetto-educativo\/","title":{"rendered":"Progetto educativo"},"content":{"rendered":"<div class=\"wp-block-image is-style-default\">\n<figure class=\"aligncenter size-large\"><img loading=\"lazy\" decoding=\"async\" width=\"1024\" height=\"439\" src=\"http:\/\/www.maternamonumentoporcia.it\/site\/wp-content\/uploads\/2024\/11\/progetto-edu-1024x439.jpg\" alt=\"progetto educativo\" class=\"wp-image-842\" srcset=\"https:\/\/www.maternamonumentoporcia.it\/site\/wp-content\/uploads\/2024\/11\/progetto-edu-1024x439.jpg 1024w, https:\/\/www.maternamonumentoporcia.it\/site\/wp-content\/uploads\/2024\/11\/progetto-edu-300x129.jpg 300w, https:\/\/www.maternamonumentoporcia.it\/site\/wp-content\/uploads\/2024\/11\/progetto-edu-768x329.jpg 768w, https:\/\/www.maternamonumentoporcia.it\/site\/wp-content\/uploads\/2024\/11\/progetto-edu.jpg 1320w\" sizes=\"(max-width: 1024px) 100vw, 1024px\" \/><\/figure><\/div>\n\n<p>&nbsp;<\/p>\n<p>Il Progetto Educativo della scuola nell&#8217;attuale contesto storico-culturale italiano indica le vie di attuazione dei principi pedagogici-educativi a cui gli educatori si ispirano.<br>I principi che fondano la missione educativa nella nostra Scuola sono i seguenti:<\/p>\n<ul>\n<li>Educare \u00e8 prezioso servizio alla persona, creatura di Dio, perch\u00e9 possa raggiungere la sua piena maturazione(libert\u00e0 e felicit\u00e0).<\/li>\n<li>Considerare la persona dell&#8217;allievo valore umano prioritario, spirituale e sacro, secondo il modello della S.Famiglia di Nazareth.<\/li>\n<li>Perseguire l&#8217;educazione integrale cio\u00e8 risvegliare e rafforzare ogni potenzialit\u00e0 fino a formare cittadini religiosi, onesti, corresponsabili ed attivi.<\/li>\n<li>Privilegiare nell&#8217;attenzione educativa la via del dialogo e della relazione cordiale.<\/li>\n<li>Informare del percorso cristiano tutta l&#8217;azione pedagogico-educativa, in piena sintonia con la Chiesa cattolica.<\/li>\n<li>Innovare i metodi e i linguaggi, aprire il cuore alle nuove frontiere, promuovere la creativit\u00e0, l&#8217;accoglienza e l&#8217;integrazione.<\/li>\n<\/ul>\n<p>Il Percorso di Psicomotricit\u00e0 e il miglioramento del salone polifunzionale utilizzato per la Pratica Psicomotoria, sono stati realizzati con il sostegno della Fondazione Friuli nell&#8217;ambito del Bando Istruzione.<\/p>","protected":false},"excerpt":{"rendered":"<p>&nbsp; Il Progetto Educativo della scuola nell&#8217;attuale contesto storico-culturale italiano indica le vie di attuazione dei principi pedagogici-educativi a cui gli educatori si ispirano.I principi che fondano la missione educativa <a class=\"more-link\" href=\"https:\/\/www.maternamonumentoporcia.it\/site\/progetto-educativo\/\">Continua a leggere &amp;rarr;<\/a><\/p>\n","protected":false},"author":1,"featured_media":0,"parent":0,"menu_order":2,"comment_status":"closed","ping_status":"closed","template":"","meta":{"ngg_post_thumbnail":0,"footnotes":""},"class_list":["post-15","page","type-page","status-publish","hentry"],"_links":{"self":[{"href":"https:\/\/www.maternamonumentoporcia.it\/site\/wp-json\/wp\/v2\/pages\/15"}],"collection":[{"href":"https:\/\/www.maternamonumentoporcia.it\/site\/wp-json\/wp\/v2\/pages"}],"about":[{"href":"https:\/\/www.maternamonumentoporcia.it\/site\/wp-json\/wp\/v2\/types\/page"}],"author":[{"embeddable":true,"href":"https:\/\/www.maternamonumentoporcia.it\/site\/wp-json\/wp\/v2\/users\/1"}],"replies":[{"embeddable":true,"href":"https:\/\/www.maternamonumentoporcia.it\/site\/wp-json\/wp\/v2\/comments?post=15"}],"version-history":[{"count":10,"href":"https:\/\/www.maternamonumentoporcia.it\/site\/wp-json\/wp\/v2\/pages\/15\/revisions"}],"predecessor-version":[{"id":949,"href":"https:\/\/www.maternamonumentoporcia.it\/site\/wp-json\/wp\/v2\/pages\/15\/revisions\/949"}],"wp:attachment":[{"href":"https:\/\/www.maternamonumentoporcia.it\/site\/wp-json\/wp\/v2\/media?parent=15"}],"curies":[{"name":"wp","href":"https:\/\/api.w.org\/{rel}","templated":true}]}}